*x - 29145, -19*x = 17*m - 16*x - 495321. What is the thousands digit of m?
9
Let i(d) = -3*d**2 - 11*d. Let l be -10*(-2)/(-4)*1. Let p be i(l). What is the tens digit of 89/3 + p/30?
2
Let g be (-280)/16 + 1/(-1 + -1). Let c = -7 - g. What is the tens digit of 1098/c + 96/44 + -2?
0
Suppose -201*c + 414*c - 433152 = 189*c. What is the thousands digit of c?
8
Suppose -2*f + 5*t + 51 = 0, 0 = 3*f - 3*t - 14 - 49. Suppose -2*l - 6 + f = 0. Let x(j) = 2*j**2 - 2*j + 14. What is the tens digit of x(l)?
7
Let r = 25 + -26. Let u(g) = -4*g. Let h be u(r). What is the tens digit of (-9)/(27/h)*-9?
1
Suppose -4*y + 7*y - 9 = 0, -3*y = -5*a - 24. What is the tens digit of 1028 - (a - -8) - 4?
1
Let v(f) = -125*f**2 + 14*f + 40. Let c be v(-4). Let r = -1395 - c. What is the hundreds digit of r?
6
What is the ten thousands digit of 7 + -2 - (5 + 9 - 20022)?
2
Let r = 74658 - 51313. What is the ten thousands digit of r?
2
What is the hundreds digit of 242388/(-90)*-2*(-15)/(-12) - 6?
7
Let g(r) = r**2 - 3*r + 10. Let x be g(5). Suppose 2*v - 7*v + 20 = 0, -2*p = 3*v - x. Suppose 0 = -p*k + 2 + 2. What is the units digit of k?
1
Suppose -16*o + 20*o - 24 = 0, 2*o = 3*g - 13857. What is the tens digit of g?
2
Suppose 3 = -2*y + 5*y, -264 = -5*s - 4*y. Let l = -46 + s. Suppose -l*t + 18 = -4*t. What is the units digit of t?
9
Let w(g) = 543*g + 29. Let y be w(2). Let f = -383 + y. What is the units digit of f?
2
Suppose 0 = 2*k + 4*u - 60970, 3*k - 6*u = 52479 + 39012. What is the ten thousands digit of k?
3
Suppose -80*i - 75*i - 179658 = -161*i. What is the units digit of i?
3
Suppose -104*c + 101*c - 18 = 0. Let z(q) = -4*q + 6*q**2 - 10*q - 1 - 2 + q**3 + 5*q. What is the units digit of z(c)?
1
Let h(u) = -u**2 + 10*u + 1. Let s be h(11). Let v = s + 15. Suppose 0 = 4*i - 16, -221 = -2*y - v*i + 5. What is the units digit of y?
3
Let z be (230/50 + -5)*(-1 - -16). What is the hundreds digit of (11 - 10) + 681 + z/2?
6
Suppose -4*y + 46 = -5*h, -y - 8 = -0*h + 2*h. What is the thousands digit of (h - -1275) + (-16)/8?
1
Let h be -6 + -5 + 9 - -13 - 0. Let k(z) = z**3 - 3*z**2 - 8*z - 60. What is the units digit of k(h)?
0
Let p = -112 + 114. Suppose y + 165 = p*c, 0 = -3*c - y + 6*y + 244. What is the tens digit of c?
8
Suppose -45 = -3*o - 0*s - 2*s, -o - 5*s + 15 = 0. Suppose -o*m + 13960 = -965. What is the tens digit of m?
9
Suppose -17*j + 3447 = -2469. Suppose 0 = 32*l - 34*l + j. What is the units digit of l?
4
Suppose -24*m = -19*m - 160. Suppose 22*d = m*d - 14900. What is the hundreds digit of d?
4
Suppose 0 = -27*b + 22500 + 144171. What is the units digit of b?
3
Let o be (20/12)/5*3. Let i be 2 + 0/(-3 + o). Suppose i*j - 16 = 10. What is the units digit of j?
3
Let y = 685 + -574. Let f = y + -27. What is the units digit of f?
4
Let z(i) = i + 25. Let q be z(-23). Suppose y = -7*y + 1416. Suppose b - 2*b + p + y = 0, p = q*b - 351. What is the units digit of b?
4
Let d(y) = -9*y**2 + 47*y - 284. Let b(l) = 11*l**2 - 47*l + 286. Let u(q) = -3*b(q) - 4*d(q). What is the thousands digit of u(32)?
1
Let x = 16 - 15. Suppose 1 = 4*k + x. Suppose -3*s + 200 - 17 = k. What is the tens digit of s?
6
Let w be -5*(-1)/(-2)*(-10074)/115. What is the tens digit of ((7 - 10) + (-22)/(-6))*w?
4
Suppose -7*v = -4*v. Suppose 25*c - 4964 - 1886 = v. What is the hundreds digit of c?
2
Suppose 81 = 8*k - 9*k. Let p = 80 + k. Let m(l) = -180*l**3 + l**2 + 2*l + 1. What is the hundreds digit of m(p)?
1
Let j(l) = l**2 - 29*l + 122. Let s be j(25). Suppose 26 = 3*c + t, -4*t + 26 = 2*c + t. What is the tens digit of (s/c)/((-1)/(-96)*6)?
4
Let h = -10287 - -25126. What is the thousands digit of h?
4
Suppose 0 = -4*q - 5*r + 28 + 4163, -3*q = 5*r - 3137. Suppose q*h = 1047*h + 5180. What is the hundreds digit of h?
7
Let t be (-1)/3 + (-35)/(-15). Suppose -1393 = -5*q + t*o, 5*q + o - 1279 = 102. What is the hundreds digit of q?
2
Suppose -4*r = 6*n - 3*n + 251, -2*n = -r - 49. Let j = -55 - r. Suppose -j*g + 51 = -245. What is the tens digit of g?
7
Suppose 0 = 46*w + 22862 - 1647812. What is the thousands digit of w?
5
Let w = -41139 + 74513. What is the hundreds digit of w?
3
What is the tens digit of (-8)/14 + (3382881/119 - -34)?
6
Let a = -58 + 25. Suppose -d + 54 = 2*s, 223*s - 227*s = 3*d - 112. Let l = s - a. What is the units digit of l?
8
Suppose -c = -1 - 5. Suppose -780 = c*n + 2580. Let l = 802 + n. What is the units digit of l?
2
What is the units digit of 10 - 13 - 20/15*(-9)/2?
3
Let c(i) = 10*i**2 - i**3 - 3 + 5 + 8*i - 8*i. Let v be c(10). Suppose 0*h + v*h - 160 = 4*r, -4*h = 5*r - 372. What is the tens digit of h?
8
What is the thousands digit of (-247 + -2)*-8*9/180*610?
0
Let f(s) = -3*s**3 - 35*s**2 - 30*s + 28. Let y(x) = -x**3 - 12*x**2 - 10*x + 10. Let d(k) = -3*f(k) + 8*y(k). What is the units digit of d(-7)?
4
Suppose 3*m - 4*v - 18586 = 9203, -4*m - v = -37014. What is the thousands digit of m?
9
Suppose 4*l - 150*r + 148*r = 207262, 4*r = 3*l - 155449. What is the thousands digit of l?
1
Let d = -47 + 51. Suppose 5*u - 22 = -s, -d*u + 5 = -4*s - 3. Suppose 8 = -u*k, -3*k = 3*v - 6*k - 375. What is the tens digit of v?
2
Suppose 4*x + 3*k - 36984 = 0, -146*k + 20 = -141*k. What is the units digit of x?
3
Suppose u - 3*z = 30341, 94*z - 90*z = -2*u + 60732. What is the hundreds digit of u?
3
Let q = -219 - -143. What is the hundreds digit of (644/3)/(q/(-228))?
6
Let k be (-10)/(-20)*(560 + 0). Let j = 571 - k. What is the tens digit of j?
9
Let o(j) = -j**3 + 14*j**2 - 7*j + 13. Suppose -3*b = 12*b - 90. What is the units digit of o(b)?
9
Let g(v) = -49*v + 2. Let b be g(-1). Let w be 2/(4/b)*(-4312)/(-42). Suppose -w = -15*p + p. What is the hundreds digit of p?
1
Suppose 345 = -87*t + 92*t. Suppose 0*q + 5*p = -5*q + 90, 4*q + 5*p - t = 0. What is the tens digit of q?
2
Let l = 40 - 38. Let b(t) = 15*t**3 - 3*t**2 + 2*t + 5. What is the hundreds digit of b(l)?
1
Suppose 5*d = 3*z - 20, 0 = -4*z - 6*d + 2*d + 16. Let j(m) = m**3 + 0*m**2 - 7*m + 9 + 2*m**2 - 3*m**2. What is the tens digit of j(z)?
7
Let i be (-3 - 1)/(116/(-16) + 7). Let j(n) = 30*n + 15. What is the units digit of j(i)?
5
Suppose -12*q = 1528 + 1400. Let h = 311 - q. What is the hundreds digit of h?
5
Let h(m) = -6*m + 592. Suppose -8*y - 2*y + 2*y = 0. What is the units digit of h(y)?
2
Let l = 319 - -16127. What is the hundreds digit of l?
4
Let g(c) = 35*c**2 + c - 8. Suppose 4*d = 11*k - 6*k - 31, 5*k - 23 = 2*d. What is the hundreds digit of g(k)?
3
Let y = -37750 + 63812. What is the units digit of y?
2
Suppose 0 = -3*k - 19 + 22, 43 = 2*s + k. Suppose -l - s*l = -15268. What is the tens digit of l?
9
Let p = 339 - 339. Suppose -12*a + 2680 + 3740 = p. What is the hundreds digit of a?
5
Suppose 5*i + p - 214 - 33 = 0, -i - 5*p + 35 = 0. What is the tens digit of (220/i)/(3/210)?
0
Let q = -7347 + 21158. What is the ten thousands digit of q?
1
What is the tens digit of ((-35)/15)/(7/(-18)) + (29406 - 4)?
0
Let m be ((-6)/5)/(5/(-150)). Suppose 4*d - 7*d - m = 0. What is the units digit of 570/6 + d/3?
1
Let n(l) = -6016*l - 249. What is the ten thousands digit of n(-14)?
8
Suppose 5*o + 3*s = 161225, 0 = 3*o + 6*s - 5*s - 96739. What is the thousands digit of o?
2
Let c(m) = -6*m**2 + 27*m + 58. Let i(y) = 3*y**2 - 14*y - 29. Suppose 3*d + 1 = -11. Let n(b) = d*c(b) - 7*i(b). What is the units digit of n(11)?
4
Suppose 3*s - 18 = -6. Suppose s*r + 76 - 12 = 0. Let q = 43 + r. What is the units digit of q?
7
Suppose -8702 = -321*d - 1961. Let m be (1*2)/((-2)/(-8)). Let w = d + m. What is the tens digit of w?
2
Let d = -3319 - -4932. Let y = d + -914. What is the units digit of y?
9
Let m = 20807 - 9550. What is the tens digit of m?
5
Let a(p) = p**3 - 9*p**2 + 7. Let q(u) be the second derivative of 2*u**3/3 - 3*u**2/2 - 4*u. Let d be q(3). What is the units digit of a(d)?
7
Let c = 27048 + -14041. What is the ten thousands digit of c?
1
Let t = 2388 - 1616. Suppose 3*n + 180 - t = -2*a, n + 3*a = 188. What is the hundreds digit of n?
2
Let q(i) be the first derivative of -151*i**2 + 17*i - 118. What is the units digit of q(-2)?
1
Suppose -3*f - 201 = 2*w + w, 5*f - 97 = w. What is the tens digit of (4 + (-2)/3)/((-2)/w)?
2
Suppose 5*t - 4*t = -3*m + 232